{"id":270,"date":"2017-10-26T17:40:47","date_gmt":"2017-10-26T17:40:47","guid":{"rendered":"http:\/\/www.szamorgdata.hu\/?page_id=270"},"modified":"2022-03-16T11:07:38","modified_gmt":"2022-03-16T10:07:38","slug":"tamogatas","status":"publish","type":"page","link":"http:\/\/www.szamorgdata.hu\/index.php\/tamogatas\/","title":{"rendered":"T\u00e1mogat\u00e1s"},"content":{"rendered":"<p>\nRendszereink \u00fczemeltet\u00e9s\u00e9hez t\u00e1mogat\u00e1st ny\u00fajtunk.\n<\/p>\n<h3g>K\u00e9rd\u00e9sek &#8211; V\u00e1laszok<\/h3g>\n<p><h3g>Gy.i.k.<\/h3g>\n<p>\nGyakori, k\u00f6z\u00e9rdek\u0171 k\u00e9rd\u00e9seket \u00f6sszegy\u0171jtj\u00fck \u00e9s k\u00f6zz\u00e9 tessz\u00fck \u00fcgyfeleink k\u00f6z\u00f6tt.\n<\/p>\n<h3g>Let\u00f6lt\u00e9sek<\/h3g>\n<p>\nAz \u00e1ltalunk fejlesztett rendszerek friss v\u00e1ltozatai \u00e9rhet\u0151k el itt.<br \/>\nA let\u00f6lt\u00e9sek el\u0151zetes install\u00e1l\u00e1s n\u00e9lk\u00fcl nem haszn\u00e1lhat\u00f3k!\n<\/p>\n<\/p>\n<p>&nbsp;<\/p>\n","protected":false},"excerpt":{"rendered":"<p>Rendszereink \u00fczemeltet\u00e9s\u00e9hez t\u00e1mogat\u00e1st ny\u00fajtunk. K\u00e9rd\u00e9sek &#8211; V\u00e1laszok Gy.i.k. Gyakori, k\u00f6z\u00e9rdek\u0171 k\u00e9rd\u00e9seket \u00f6sszegy\u0171jtj\u00fck \u00e9s k\u00f6zz\u00e9 tessz\u00fck \u00fcgyfeleink k\u00f6z\u00f6tt. Let\u00f6lt\u00e9sek Az \u00e1ltalunk fejlesztett rendszerek friss v\u00e1ltozatai \u00e9rhet\u0151k el itt. A let\u00f6lt\u00e9sek el\u0151zetes install\u00e1l\u00e1s n\u00e9lk\u00fcl nem haszn\u00e1lhat\u00f3k! &nbsp;<\/p>\n","protected":false},"author":1,"featured_media":0,"parent":0,"menu_order":0,"comment_status":"closed","ping_status":"closed","template":"fullwidth.php","meta":{"footnotes":""},"_links":{"self":[{"href":"http:\/\/www.szamorgdata.hu\/index.php\/wp-json\/wp\/v2\/pages\/270"}],"collection":[{"href":"http:\/\/www.szamorgdata.hu\/index.php\/wp-json\/wp\/v2\/pages"}],"about":[{"href":"http:\/\/www.szamorgdata.hu\/index.php\/wp-json\/wp\/v2\/types\/page"}],"author":[{"embeddable":true,"href":"http:\/\/www.szamorgdata.hu\/index.php\/wp-json\/wp\/v2\/users\/1"}],"replies":[{"embeddable":true,"href":"http:\/\/www.szamorgdata.hu\/index.php\/wp-json\/wp\/v2\/comments?post=270"}],"version-history":[{"count":5,"href":"http:\/\/www.szamorgdata.hu\/index.php\/wp-json\/wp\/v2\/pages\/270\/revisions"}],"predecessor-version":[{"id":5318,"href":"http:\/\/www.szamorgdata.hu\/index.php\/wp-json\/wp\/v2\/pages\/270\/revisions\/5318"}],"wp:attachment":[{"href":"http:\/\/www.szamorgdata.hu\/index.php\/wp-json\/wp\/v2\/media?parent=270"}],"curies":[{"name":"wp","href":"https:\/\/api.w.org\/{rel}","templated":true}]}}