{"id":296,"date":"2017-10-26T18:27:29","date_gmt":"2017-10-26T18:27:29","guid":{"rendered":"http:\/\/www.szamorgdata.hu\/?page_id=296"},"modified":"2025-04-15T14:38:52","modified_gmt":"2025-04-15T12:38:52","slug":"targyieszkoz","status":"publish","type":"page","link":"http:\/\/www.szamorgdata.hu\/index.php\/targyieszkoz\/","title":{"rendered":"T\u00e1rgyieszk\u00f6z"},"content":{"rendered":"<h3>Befektetett eszk\u00f6z, t\u00e1rgyi eszk\u00f6z modul<\/h3>\n<div>\n<p>&#8211; eszk\u00f6z\u00f6k egyedi \u00e9s csoportos nyilv\u00e1ntart\u00e1sa<br \/>\n&#8211; tartoz\u00e9kok nyilv\u00e1ntart\u00e1sa<br \/>\n&#8211; m\u0171szaki nyilv\u00e1ntart\u00e1s adatainak kezel\u00e9se (ingatlanok, j\u00e1rm\u0171 t\u00edpusok, j\u00e1rm\u0171vek, g\u00e9pek-berendez\u00e9sek)<br \/>\n&#8211; immateri\u00e1lis javak \u00e9s t\u00e1rgyi eszk\u00f6z\u00f6k \u00e1llom\u00e1nyv\u00e1ltoz\u00e1sai<br \/>\n&#8211; beruh\u00e1z\u00e1sok k\u00f6vet\u00e9se<br \/>\n&#8211; \u00e1llom\u00e1nyba v\u00e9teli bizonylatok k\u00e9sz\u00edt\u00e9se<br \/>\n&#8211; \u00e9rt\u00e9kcs\u00f6kken\u00e9s automatikus elsz\u00e1mol\u00e1sa, t\u00f6bbf\u00e9le m\u00f3dszer szerint<br \/>\n&#8211; \u00e9rt\u00e9kcs\u00f6kken\u00e9s elsz\u00e1mol\u00e1sa maradv\u00e1ny\u00e9rt\u00e9kig<br \/>\n&#8211; \u00e9rt\u00e9kcs\u00f6kken\u00e9s elsz\u00e1mol\u00e1sa k\u00e9tf\u00e9le kulcs (sz\u00e1mviteli- \u00e9s t\u00e1rsas\u00e1gi ad\u00f3) szerint, k\u00fcl\u00f6nb\u00f6zetek kimutat\u00e1sa<br \/>\n&#8211; \u00e9rt\u00e9kcs\u00f6kken\u00e9sek gy\u0171jt\u00e9se k\u00f6rzetenk\u00e9nt, k\u00f6lts\u00e9gsz\u00e1ml\u00e1nk\u00e9nt \u00e9s \u00e9rt\u00e9kcs\u00f6kken\u00e9si sz\u00e1monk\u00e9nt<br \/>\n&#8211; gy\u0171jt\u00f6tt \u00e9rt\u00e9kcs\u00f6kken\u00e9s kezel\u00e9se<br \/>\n&#8211; r\u00e9szletes eszk\u00f6z kimutat\u00e1sok (katal\u00f3gusok, karton, forgalmi kimutat\u00e1sok, \u00e1llom\u00e1nyba v\u00e9teli bizonylat), f\u0151k\u00f6nyvi szint\u0171 \u00f6sszes\u00edt\u00e9sek<br \/>\n&#8211; t\u00e1rol\u00e1si hely szerinti kimutat\u00e1sok<br \/>\n&#8211; dolgoz\u00f3nk\u00e9nti kimutat\u00e1sok<br \/>\n&#8211; automatikus lelt\u00e1rfelv\u00e9tel lehet\u0151s\u00e9ge vonalk\u00f3d seg\u00edts\u00e9g\u00e9vel<br \/>\n&#8211; lelt\u00e1r\u00edv k\u00e9sz\u00edt\u00e9se, lelt\u00e1roz\u00e1s, lelt\u00e1r ki\u00e9rt\u00e9kel\u00e9s &#8211; kapacit\u00e1s figyel\u00e9s<br \/>\n&#8211; vonalk\u00f3d (EAN) alkalmaz\u00e1sa<\/p>\n<p><img loading=\"lazy\" decoding=\"async\" class=\"alignnone size-medium wp-image-831\" src=\"http:\/\/www.szamorgdata.hu\/wp-content\/uploads\/2017\/10\/image040-300x210.jpg\" alt=\"\" width=\"300\" height=\"210\" srcset=\"http:\/\/www.szamorgdata.hu\/wp-content\/uploads\/2017\/10\/image040-300x210.jpg 300w, http:\/\/www.szamorgdata.hu\/wp-content\/uploads\/2017\/10\/image040.jpg 624w\" sizes=\"(max-width: 300px) 100vw, 300px\" \/><\/p>\n<\/div>\n<p><a href=\"http:\/\/www.szamorgdata.hu\/index.php\/kapcsolat\">K\u00e9rjen ingyenes konzult\u00e1ci\u00f3t! <\/a><\/p>\n","protected":false},"excerpt":{"rendered":"<p>Befektetett eszk\u00f6z, t\u00e1rgyi eszk\u00f6z modul &#8211; eszk\u00f6z\u00f6k egyedi \u00e9s csoportos nyilv\u00e1ntart\u00e1sa &#8211; tartoz\u00e9kok nyilv\u00e1ntart\u00e1sa &#8211; m\u0171szaki nyilv\u00e1ntart\u00e1s adatainak kezel\u00e9se (ingatlanok, j\u00e1rm\u0171 t\u00edpusok, j\u00e1rm\u0171vek, g\u00e9pek-berendez\u00e9sek) &#8211; immateri\u00e1lis javak \u00e9s t\u00e1rgyi eszk\u00f6z\u00f6k \u00e1llom\u00e1nyv\u00e1ltoz\u00e1sai &#8211; beruh\u00e1z\u00e1sok k\u00f6vet\u00e9se &#8211; \u00e1llom\u00e1nyba v\u00e9teli bizonylatok k\u00e9sz\u00edt\u00e9se &#8211; \u00e9rt\u00e9kcs\u00f6kken\u00e9s automatikus elsz\u00e1mol\u00e1sa, t\u00f6bbf\u00e9le m\u00f3dszer szerint &#8211; \u00e9rt\u00e9kcs\u00f6kken\u00e9s elsz\u00e1mol\u00e1sa maradv\u00e1ny\u00e9rt\u00e9kig &#8211; \u00e9rt\u00e9kcs\u00f6kken\u00e9s elsz\u00e1mol\u00e1sa k\u00e9tf\u00e9le kulcs [&hellip;]<\/p>\n","protected":false},"author":1,"featured_media":0,"parent":0,"menu_order":0,"comment_status":"closed","ping_status":"closed","template":"","meta":{"footnotes":""},"_links":{"self":[{"href":"http:\/\/www.szamorgdata.hu\/index.php\/wp-json\/wp\/v2\/pages\/296"}],"collection":[{"href":"http:\/\/www.szamorgdata.hu\/index.php\/wp-json\/wp\/v2\/pages"}],"about":[{"href":"http:\/\/www.szamorgdata.hu\/index.php\/wp-json\/wp\/v2\/types\/page"}],"author":[{"embeddable":true,"href":"http:\/\/www.szamorgdata.hu\/index.php\/wp-json\/wp\/v2\/users\/1"}],"replies":[{"embeddable":true,"href":"http:\/\/www.szamorgdata.hu\/index.php\/wp-json\/wp\/v2\/comments?post=296"}],"version-history":[{"count":15,"href":"http:\/\/www.szamorgdata.hu\/index.php\/wp-json\/wp\/v2\/pages\/296\/revisions"}],"predecessor-version":[{"id":5567,"href":"http:\/\/www.szamorgdata.hu\/index.php\/wp-json\/wp\/v2\/pages\/296\/revisions\/5567"}],"wp:attachment":[{"href":"http:\/\/www.szamorgdata.hu\/index.php\/wp-json\/wp\/v2\/media?parent=296"}],"curies":[{"name":"wp","href":"https:\/\/api.w.org\/{rel}","templated":true}]}}