{"id":4,"date":"2017-09-26T21:36:19","date_gmt":"2017-09-26T21:36:19","guid":{"rendered":"http:\/\/localhost\/wordpress\/?page_id=4"},"modified":"2025-04-27T10:46:23","modified_gmt":"2025-04-27T08:46:23","slug":"ibs","status":"publish","type":"page","link":"http:\/\/www.szamorgdata.hu\/index.php\/ibs\/","title":{"rendered":"iBS"},"content":{"rendered":"<div class=\"entry-content\">\n<h3><span style=\"color: #008080;\" data-darkreader-inline-color=\"\">integrated Business Solution<\/span><\/h3>\n<p>a korszer\u0171 komplex integr\u00e1lt \u00fcgyviteli rendszer bemutat\u00e1sa:<br \/>\n&nbsp;<br \/>\n&nbsp;<br \/>\n<img loading=\"lazy\" decoding=\"async\" class=\" wp-image-695 alignleft\" src=\"http:\/\/www.szamorgdata.hu\/wp-content\/uploads\/2017\/09\/image001.jpg\" alt=\"\" width=\"184\" height=\"184\" \/><br \/>\n&nbsp;<br \/>\n&nbsp;<br \/>\n&nbsp;<br \/>\n&nbsp;<br \/>\n&nbsp;<br \/>\n&nbsp;<br \/>\n&nbsp;<br \/>\n&nbsp;<br \/>\n&nbsp;<br \/>\n&nbsp;<br \/>\n&nbsp;<br \/>\n&nbsp;<br \/>\n&nbsp;<br \/>\n&nbsp;<\/p>\n<ul>\n<li>\u00fcgyf\u00e9l-kiszolg\u00e1l\u00f3 rendszer\u0171, szerver oldalon t\u00f6bbf\u00e9le oper\u00e1ci\u00f3s rendszer<\/li>\n<li>t\u00f6bb r\u00e9teg\u0171, modul\u00e1ris szerkezet\u0171, a modulok integr\u00e1ltak, szorosan egy\u00fcttm\u0171k\u00f6dnek egym\u00e1ssal<\/li>\n<li>SQL alap\u00fa adatb\u00e1zis, Oracle adatb\u00e1zis kezel\u0151 k\u00f6rnyezet<\/li>\n<li>gondosan megtervezett adatb\u00e1zis<\/li>\n<li>t\u00e1rolt f\u00fcggv\u00e9nyek \u00e9s elj\u00e1r\u00e1sok alkalmaz\u00e1sa<\/li>\n<li>a modulok a rendszer k\u00f6zpont modulj\u00e1val egy\u00fctt \u00f6n\u00e1ll\u00f3an is m\u0171k\u00f6dtethet\u0151k<\/li>\n<li>a modulok k\u00f6z\u00f6s adatt\u00e1rat haszn\u00e1lnak<\/li>\n<li>t\u00e1mogatja az \u00fcgyvitelben dolgoz\u00f3k munk\u00e1j\u00e1t<\/li>\n<li>az egyes funkci\u00f3k egym\u00e1sra \u00e9p\u00fclnek<\/li>\n<li>gyors\u00edtott adatbeviteli lehet\u0151s\u00e9gek<\/li>\n<li>naprak\u00e9sz inform\u00e1ci\u00f3t ny\u00fajt a feldolgozott adatokr\u00f3l<\/li>\n<li>seg\u00edti a vezet\u0151ket a d\u00f6nt\u00e9sek el\u0151k\u00e9sz\u00edt\u00e9s\u00e9ben<\/li>\n<li>korszer\u0171 partnerkapcsolatot biztos\u00edt\u00a0 (CRM)<\/li>\n<li>Windows alap\u00fa, \u00fcgyf\u00e9l oldalon 32\/64 bites Windows haszn\u00e1lat (Vista\/Windows 10-11)<\/li>\n<li>Intel alap\u00fa rendszereken futtathat\u00f3\u00a0 felhaszn\u00e1l\u00f3 \u00e1ltal is konfigur\u00e1lhat\u00f3<\/li>\n<li>h\u00e1l\u00f3zatban futtathat\u00f3, t\u00f6bb felhaszn\u00e1l\u00f3 egyidej\u0171 bel\u00e9p\u00e9se biztos\u00edtott<\/li>\n<li>t\u00f6bb szint\u0171, rugalmasan param\u00e9terezhet\u0151 hozz\u00e1f\u00e9r\u00e9si jogosults\u00e1got biztos\u00edt<\/li>\n<li>testre szabott szerepk\u00f6r\u00f6k meghat\u00e1roz\u00e1sa<\/li>\n<li>optim\u00e1lis param\u00e9terez\u00e9s<\/li>\n<li>a param\u00e9terek k\u00fcl\u00f6n adatt\u00e1rban tal\u00e1lhat\u00f3k<\/li>\n<li>hozz\u00e1f\u00e9r\u00e9si szerepk\u00f6r\u00f6k meghat\u00e1roz\u00e1s\u00e1val a helyettes\u00edt\u00e9sek egyszer\u0171en megoldhat\u00f3k, k\u00f6vethet\u0151k<\/li>\n<li>teljes naprak\u00e9szs\u00e9g, k\u00f6zvetlen azonnali k\u00f6nyvel\u00e9si felad\u00e1s, t\u00e9telesen, vagy id\u0151szak szerint gy\u0171jt\u00f6tten<\/li>\n<li>egyszerre t\u00f6bb sz\u00e1mviteli id\u0151szak kezel\u00e9s\u00e9t biztos\u00edtja<\/li>\n<li>elektronikus banki kapcsolat, be\u00e1ll\u00edt\u00e1s szerint mindk\u00e9t ir\u00e1nyban<\/li>\n<li>EAN vonalk\u00f3d alkalmaz\u00e1sa<\/li>\n<li>teljes k\u00f6r\u0171 dokument\u00e1ci\u00f3<\/li>\n<li>nagyfok\u00fa adatbiztons\u00e1g<\/li>\n<li>r\u00f6vid \u00e9s hossz\u00fa t\u00e1v\u00fa p\u00e9nzforgalmi el\u0151rejelz\u00e9st biztos\u00edt<\/li>\n<li>modemen, ISDN-en, Internet-en kereszt\u00fcli adat\u00e1tviteli lehet\u0151s\u00e9g<\/li>\n<li>bels\u0151 elektronikus levelez\u00e9si modul, esem\u00e9nyekhez k\u00f6thet\u0151 automatiz\u00e1l\u00e1s<\/li>\n<li>a bels\u0151 elektronikus levelez\u0151 k\u00fcls\u0151 kapcsolatok l\u00e9trehoz\u00e1s\u00e1ra alkalmas<\/li>\n<li>felhaszn\u00e1l\u00f3 \u00e1ltal is tervezhet\u0151 lev\u00e9lform\u00e1tumok k\u00f6zvetlen EXCEL kapcsolat (kivonat, m\u00e9rleg-, eredm\u00e9ny kimutat\u00e1s,\u00a0 k\u00e9szlet, stb.)<\/li>\n<li>EXCEL t\u00e1bl\u00e1k a kimutat\u00e1sokkal azonosan sz\u0171rt tartalommal j\u00f6nnek l\u00e9tre<\/li>\n<li>\u00e9rt\u00e9kel\u00e9sek megjelen\u00edt\u00e9se grafikonon<\/li>\n<li>visszal\u00e9p\u00e9si lehet\u0151s\u00e9g bizonylatig (drill-down \u2013 lef\u00far\u00e1sos adatmegjelen\u00edt\u0151 technika)<\/li>\n<\/ul>\n<h3><span style=\"color: #008080;\" data-darkreader-inline-color=\"\">Az iBS moduljai<\/span><\/h3>\n<h3><img loading=\"lazy\" decoding=\"async\" class=\"size-medium wp-image-556 alignright\" src=\"http:\/\/www.szamorgdata.hu\/wp-content\/uploads\/2017\/09\/Ugyvitel1-300x200.jpg\" alt=\"\" width=\"300\" height=\"200\" srcset=\"http:\/\/www.szamorgdata.hu\/wp-content\/uploads\/2017\/09\/Ugyvitel1-300x200.jpg 300w, http:\/\/www.szamorgdata.hu\/wp-content\/uploads\/2017\/09\/Ugyvitel1-768x512.jpg 768w, http:\/\/www.szamorgdata.hu\/wp-content\/uploads\/2017\/09\/Ugyvitel1-1024x683.jpg 1024w, http:\/\/www.szamorgdata.hu\/wp-content\/uploads\/2017\/09\/Ugyvitel1.jpg 1920w\" sizes=\"(max-width: 300px) 100vw, 300px\" \/><\/h3>\n<ul>\n<li>Sz\u00e1mviteli modul<\/li>\n<li>Befektetett eszk\u00f6z modul<\/li>\n<li>P\u00e9nz\u00fcgyi modul &#8211; \u00e1rfolyamok automatikus let\u00f6lt\u00e9se<\/li>\n<li>K\u00e9szlet modul<\/li>\n<li>Bel\u00e9ptet\u00e9si modul<\/li>\n<li>H\u00e1zip\u00e9nzt\u00e1r<\/li>\n<li>Kihelyezett p\u00e9nzt\u00e1rak kezel\u00e9se, kapcsolat a k\u00f6zponti p\u00e9nzt\u00e1rral<\/li>\n<li>Vev\u0151-Sz\u00e1ll\u00edt\u00f3<\/li>\n<li>Vezet\u0151i inform\u00e1ci\u00f3k<\/li>\n<li>Projekt-k\u00f6lts\u00e9g<\/li>\n<li>Speci\u00e1lis mez\u0151gazdas\u00e1gi modul<\/li>\n<li>Rendel\u00e9s nyilv\u00e1ntart\u00e1s (vev\u0151-, sz\u00e1ll\u00edt\u00f3- \u00e9s bels\u0151 rendel\u00e9sek)<\/li>\n<li>Sz\u00e1ll\u00edt\u00f3lev\u00e9l kezel\u00e9s<\/li>\n<li>Logisztikai feladatok ell\u00e1t\u00e1sa, automatikus diszpoz\u00edci\u00f3k\u00e9sz\u00edt\u00e9s<\/li>\n<li>Aj\u00e1nlat k\u00e9sz\u00edt\u00e9s, aj\u00e1nlat k\u00e9r\u00e9s<\/li>\n<li>K\u00f6lts\u00e9g, fedezeti \u00f6sszeg, eredm\u00e9nyelemz\u00e9s, munkasz\u00e1mos ut\u00f3kalkul\u00e1ci\u00f3, terv-t\u00e9ny ki\u00e9rt\u00e9kel\u00e9s<\/li>\n<li>Szerz\u0151d\u00e9s nyilv\u00e1ntart\u00e1s, aj\u00e1nlat k\u00e9sz\u00edt\u00e9s, aj\u00e1nlat k\u00e9r\u00e9s, rendel\u00e9s nyilv\u00e1ntart\u00e1s,<\/li>\n<li>P\u00e1ly\u00e1zatok kezel\u00e9se<\/li>\n<li>P\u00e9nz\u00fcgy, sz\u00e1ll\u00edt\u00f3lev\u00e9l kezel\u00e9s, sz\u00e1ml\u00e1z\u00e1s, be\u00e9rkez\u0151 sz\u00e1ml\u00e1k kezel\u00e9se, h\u00e1zip\u00e9nzt\u00e1r<\/li>\n<li>Sz\u00e1mlak\u00e9sz\u00edt\u00e9ssel egyidej\u0171 NAV jelent\u00e9s k\u00e9sz\u00edt\u00e9se (online)<\/li>\n<\/ul>\n<\/div>\n<p>&nbsp;<br \/>\n<a href=\"http:\/\/www.szamorgdata.hu\/index.php\/kapcsolat\">K\u00e9rjen ingyenes konzult\u00e1ci\u00f3t! <\/a><br \/>\n&nbsp;\n<\/div>\n","protected":false},"excerpt":{"rendered":"<p>integrated Business Solution a korszer\u0171 komplex integr\u00e1lt \u00fcgyviteli rendszer bemutat\u00e1sa: &nbsp; &nbsp; &nbsp; &nbsp; &nbsp; &nbsp; &nbsp; &nbsp; &nbsp; &nbsp; &nbsp; &nbsp; &nbsp; &nbsp; &nbsp; &nbsp; \u00fcgyf\u00e9l-kiszolg\u00e1l\u00f3 rendszer\u0171, szerver oldalon t\u00f6bbf\u00e9le oper\u00e1ci\u00f3s rendszer t\u00f6bb r\u00e9teg\u0171, modul\u00e1ris szerkezet\u0171, a modulok integr\u00e1ltak, szorosan egy\u00fcttm\u0171k\u00f6dnek egym\u00e1ssal SQL alap\u00fa adatb\u00e1zis, Oracle adatb\u00e1zis kezel\u0151 k\u00f6rnyezet gondosan megtervezett adatb\u00e1zis t\u00e1rolt f\u00fcggv\u00e9nyek [&hellip;]<\/p>\n","protected":false},"author":1,"featured_media":0,"parent":0,"menu_order":0,"comment_status":"closed","ping_status":"closed","template":"","meta":{"footnotes":""},"_links":{"self":[{"href":"http:\/\/www.szamorgdata.hu\/index.php\/wp-json\/wp\/v2\/pages\/4"}],"collection":[{"href":"http:\/\/www.szamorgdata.hu\/index.php\/wp-json\/wp\/v2\/pages"}],"about":[{"href":"http:\/\/www.szamorgdata.hu\/index.php\/wp-json\/wp\/v2\/types\/page"}],"author":[{"embeddable":true,"href":"http:\/\/www.szamorgdata.hu\/index.php\/wp-json\/wp\/v2\/users\/1"}],"replies":[{"embeddable":true,"href":"http:\/\/www.szamorgdata.hu\/index.php\/wp-json\/wp\/v2\/comments?post=4"}],"version-history":[{"count":50,"href":"http:\/\/www.szamorgdata.hu\/index.php\/wp-json\/wp\/v2\/pages\/4\/revisions"}],"predecessor-version":[{"id":5626,"href":"http:\/\/www.szamorgdata.hu\/index.php\/wp-json\/wp\/v2\/pages\/4\/revisions\/5626"}],"wp:attachment":[{"href":"http:\/\/www.szamorgdata.hu\/index.php\/wp-json\/wp\/v2\/media?parent=4"}],"curies":[{"name":"wp","href":"https:\/\/api.w.org\/{rel}","templated":true}]}}